{"id":15,"date":"2024-05-28T02:30:45","date_gmt":"2024-05-28T02:30:45","guid":{"rendered":"https:\/\/demenagementtf.ca\/?page_id=15"},"modified":"2025-02-25T19:04:51","modified_gmt":"2025-02-25T19:04:51","slug":"accueil","status":"publish","type":"page","link":"https:\/\/demenagementtf.ca\/","title":{"rendered":"Accueil"},"content":{"rendered":"<p>[et_pb_section fb_built=\u00a0\u00bb1&Prime; _builder_version=\u00a0\u00bb4.25.1&Prime; _module_preset=\u00a0\u00bbdefault\u00a0\u00bb global_colors_info=\u00a0\u00bb{}\u00a0\u00bb][et_pb_row _builder_version=\u00a0\u00bb4.25.1&Prime; _module_preset=\u00a0\u00bbdefault\u00a0\u00bb global_colors_info=\u00a0\u00bb{}\u00a0\u00bb][et_pb_column type=\u00a0\u00bb4_4&Prime; _builder_version=\u00a0\u00bb4.25.1&Prime; _module_preset=\u00a0\u00bbdefault\u00a0\u00bb global_colors_info=\u00a0\u00bb{}\u00a0\u00bb][et_pb_text _builder_version=\u00a0\u00bb4.25.1&Prime; _module_preset=\u00a0\u00bbdefault\u00a0\u00bb global_colors_info=\u00a0\u00bb{}\u00a0\u00bb]<\/p>\n<h1 class=\"wixui-rich-text__text\"><span class=\"wixui-rich-text__text\">D\u00e9m\u00e9nagement Therrien Fortin, l\u2019expert-d\u00e9m\u00e9nageur de la Rive-Sud de Montr\u00e9al!<\/span><\/h1>\n<h1 class=\"wixui-rich-text__text\"><span class=\"wixui-rich-text__text\"><span class=\"wixGuard wixui-rich-text__text\">\u200b<\/span><\/span><\/h1>\n<p class=\"wixui-rich-text__text\"><span class=\"wixui-rich-text__text\">Service personnalis\u00e9 de qualit\u00e9<\/span><\/p>\n<p class=\"wixui-rich-text__text\"><span class=\"wixui-rich-text__text\">Comptant plus de 20 ans d\u2019exp\u00e9rience dans le domaine du d\u00e9m\u00e9nagement, du transport et de la manutention, D\u00e9m\u00e9nagement Therrien Fortin. vous offre une gamme compl\u00e8te de services pour tous vos projets de d\u00e9m\u00e9nagement. De plus, pour r\u00e9pondre \u00e0 vos diff\u00e9rents besoins, nous offrons des services d\u2019entreposage temporaire ou prolong\u00e9, d\u2019emballage et de d\u00e9ballage partiel ou complet, de manutention de marchandises lourdes ou l\u00e9g\u00e8res ainsi que de d\u00e9montage et d\u2019installation de meubles et de mat\u00e9riel \u00e9lectronique.<\/span><\/p>\n<p class=\"wixui-rich-text__text\">\n<p class=\"wixui-rich-text__text\"><span class=\"wixui-rich-text__text\">Prix tr\u00e8s comp\u00e9titifs, estimation gratuite<\/span><\/p>\n<p class=\"wixui-rich-text__text\"><span class=\"wixui-rich-text__text\">Chez D\u00e9m\u00e9nagement Therrien Fortin, notre \u00e9quipe exp\u00e9riment\u00e9e de d\u00e9m\u00e9nageurs est compos\u00e9e de professionnels comp\u00e9tents. Ponctuels, fiables, efficaces et dynamiques, ils prendront soin de tous vos biens et meubles, et s\u2019assureront que votre d\u00e9m\u00e9nagement s\u2019effectue agr\u00e9ablement, rapidement et sans soucis, peu importe la distance. Qu&rsquo;il s&rsquo;agisse d&rsquo;une r\u00e9sidence ou d&rsquo;une entreprise, vous pouvez compter sur nous.<\/span><\/p>\n<p class=\"wixui-rich-text__text\">\n<p class=\"wixui-rich-text__text\"><span class=\"wixui-rich-text__text\">Nous offrons un service de d\u00e9m\u00e9nagement d&rsquo;urgence.\u00a0<a href=\"https:\/\/www.demenagementtf.ca\/contact\" target=\"_self\" class=\"wixui-rich-text__text\" rel=\"noopener\">Contactez-nous<\/a>\u00a0pour tous les d\u00e9tails!<\/span><\/p>\n<p class=\"wixui-rich-text__text\">\n<ul class=\"wixui-rich-text__text\">\n<li class=\"wixui-rich-text__text\">\n<p class=\"wixui-rich-text__text\"><span class=\"wixui-rich-text__text\">D\u00e9m\u00e9nagement local et longue distance<\/span><\/p>\n<\/li>\n<li class=\"wixui-rich-text__text\">\n<p class=\"wixui-rich-text__text\"><span class=\"wixui-rich-text__text\">Service d&rsquo;entreposage<\/span><\/p>\n<\/li>\n<li class=\"wixui-rich-text__text\">\n<p class=\"wixui-rich-text__text\"><span class=\"wixui-rich-text__text\">Emballage et d\u00e9ballage<\/span><\/p>\n<\/li>\n<li class=\"wixui-rich-text__text\">\n<p class=\"wixui-rich-text__text\"><span class=\"wixui-rich-text__text\">Marchandises lourdes ou l\u00e9g\u00e8res<\/span><\/p>\n<\/li>\n<li class=\"wixui-rich-text__text\">\n<p class=\"wixui-rich-text__text\"><span class=\"wixui-rich-text__text\">Montage et d\u00e9montage de meubles\/mat\u00e9riel \u00e9lectronique<\/span><\/p>\n<\/li>\n<li class=\"wixui-rich-text__text\">\n<p class=\"wixui-rich-text__text\"><span class=\"wixui-rich-text__text\">D\u00e9m\u00e9nagement d&rsquo;urgence<\/span><\/p>\n<\/li>\n<li class=\"wixui-rich-text__text\">\n<p class=\"wixui-rich-text__text\"><span class=\"wixui-rich-text__text\">Assurances compl\u00e8tes<\/span><\/p>\n<\/li>\n<\/ul>\n<p class=\"wixui-rich-text__text\">\n<p class=\"wixui-rich-text__text\"><span class=\"wixui-rich-text__text\">Nous effectuons des d\u00e9m\u00e9nagements sur de courtes et longues distances, \u00e0 partir des zones desservies. Communiquez avec nous si votre municipalit\u00e9 ne figure pas dans les zones de service.<\/span><\/p>\n<p>[\/et_pb_text][\/et_pb_column][\/et_pb_row][\/et_pb_section]<\/p>\n","protected":false},"excerpt":{"rendered":"<p>D\u00e9m\u00e9nagement Therrien Fortin, l\u2019expert-d\u00e9m\u00e9nageur de la Rive-Sud de Montr\u00e9al! \u200b Service personnalis\u00e9 de qualit\u00e9 Comptant plus de 20 ans d\u2019exp\u00e9rience dans le domaine du d\u00e9m\u00e9nagement, du transport et de la manutention, D\u00e9m\u00e9nagement Therrien Fortin. vous offre une gamme compl\u00e8te de services pour tous vos projets de d\u00e9m\u00e9nagement. De plus, pour r\u00e9pondre \u00e0 vos diff\u00e9rents besoins, [&hellip;]<\/p>\n","protected":false},"author":1,"featured_media":0,"parent":0,"menu_order":0,"comment_status":"closed","ping_status":"closed","template":"","meta":{"_et_pb_use_builder":"on","_et_pb_old_content":"","_et_gb_content_width":"","footnotes":""},"class_list":["post-15","page","type-page","status-publish","hentry"],"_links":{"self":[{"href":"https:\/\/demenagementtf.ca\/index.php?rest_route=\/wp\/v2\/pages\/15","targetHints":{"allow":["GET"]}}],"collection":[{"href":"https:\/\/demenagementtf.ca\/index.php?rest_route=\/wp\/v2\/pages"}],"about":[{"href":"https:\/\/demenagementtf.ca\/index.php?rest_route=\/wp\/v2\/types\/page"}],"author":[{"embeddable":true,"href":"https:\/\/demenagementtf.ca\/index.php?rest_route=\/wp\/v2\/users\/1"}],"replies":[{"embeddable":true,"href":"https:\/\/demenagementtf.ca\/index.php?rest_route=%2Fwp%2Fv2%2Fcomments&post=15"}],"version-history":[{"count":6,"href":"https:\/\/demenagementtf.ca\/index.php?rest_route=\/wp\/v2\/pages\/15\/revisions"}],"predecessor-version":[{"id":65,"href":"https:\/\/demenagementtf.ca\/index.php?rest_route=\/wp\/v2\/pages\/15\/revisions\/65"}],"wp:attachment":[{"href":"https:\/\/demenagementtf.ca\/index.php?rest_route=%2Fwp%2Fv2%2Fmedia&parent=15"}],"curies":[{"name":"wp","href":"https:\/\/api.w.org\/{rel}","templated":true}]}}