{"id":24,"date":"2024-05-28T02:32:24","date_gmt":"2024-05-28T02:32:24","guid":{"rendered":"https:\/\/demenagementtf.ca\/?page_id=24"},"modified":"2025-02-25T19:13:37","modified_gmt":"2025-02-25T19:13:37","slug":"contactez-nous","status":"publish","type":"page","link":"https:\/\/demenagementtf.ca\/contactez-nous\/","title":{"rendered":"Contactez-nous"},"content":{"rendered":"<p>[et_pb_section fb_built=\u00a0\u00bb1&Prime; _builder_version=\u00a0\u00bb4.25.1&Prime; _module_preset=\u00a0\u00bbdefault\u00a0\u00bb global_colors_info=\u00a0\u00bb{}\u00a0\u00bb][et_pb_row _builder_version=\u00a0\u00bb4.25.1&Prime; _module_preset=\u00a0\u00bbdefault\u00a0\u00bb hover_enabled=\u00a0\u00bb0&Prime; global_colors_info=\u00a0\u00bb{}\u00a0\u00bb custom_padding=\u00a0\u00bb36px|||||\u00a0\u00bb sticky_enabled=\u00a0\u00bb0&Prime;][et_pb_column type=\u00a0\u00bb4_4&Prime; _builder_version=\u00a0\u00bb4.25.1&Prime; _module_preset=\u00a0\u00bbdefault\u00a0\u00bb global_colors_info=\u00a0\u00bb{}\u00a0\u00bb][et_pb_text _builder_version=\u00a0\u00bb4.25.1&Prime; _module_preset=\u00a0\u00bbdefault\u00a0\u00bb hover_enabled=\u00a0\u00bb0&Prime; global_colors_info=\u00a0\u00bb{}\u00a0\u00bb sticky_enabled=\u00a0\u00bb0&Prime;]<\/p>\n<h1 class=\"wixui-rich-text__text\"><span class=\"wixui-rich-text__text\">D\u00e9m\u00e9nagement Therrien Fortin \u00e0 Chambly, r\u00e9sidentiel et\u00a0commercial en toute s\u00e9curit\u00e9<\/span><\/h1>\n<p class=\"wixui-rich-text__text\"><span class=\"wixui-rich-text__text\">De Longueuil \u00e0 Saint-Hyacinthe, en passant par Granby, nous sommes \u00e0 votre service en tout temps. Contactez-nous sans tarder pour obtenir une estimation gratuite et pour plus de d\u00e9tails sur nos services d&#8217;emballage et de d\u00e9ballage.<\/span><\/p>\n<h2 class=\"wixui-rich-text__text\"><span class=\"wixui-rich-text__text\">Pour nous joindre<\/span><\/h2>\n<p class=\"wixui-rich-text__text\"><span class=\"wixui-rich-text__text\">T\u00e9l\u00e9phone<\/span><\/p>\n<p class=\"wixui-rich-text__text\"><span class=\"wixui-rich-text__text\"><a href=\"tel:514-941-5636\" target=\"_self\" class=\"wixui-rich-text__text\" rel=\"noopener\" style=\"color:Black\">514-941-5636<\/a><br class=\"wixui-rich-text__text\" \/><a href=\"tel:514-898-1523\" target=\"_self\" class=\"wixui-rich-text__text\" rel=\"noopener\" style=\"color:black\">514-898-1523<\/a><\/span><\/p>\n<p class=\"wixui-rich-text__text\"><span class=\"wixui-rich-text__text\">Courriel<\/span><\/p>\n<p class=\"wixui-rich-text__text\"><span class=\"wixui-rich-text__text\"><a href=\"mailto:info@demenagementtf.ca\" target=\"_self\" class=\"wixui-rich-text__text\" rel=\"noopener\" style=\"color:black\">info@demenagementtf.ca<\/a ><\/span><\/p>\n<p class=\"wixui-rich-text__text\"><span class=\"wixui-rich-text__text\">Heures d&rsquo;ouverture<\/span><\/p>\n<p class=\"wixui-rich-text__text\"><span class=\"wixui-rich-text__text\">Du lundi au dimanche, de 8 h \u00e0 20 h<\/span><\/p>\n<p class=\"wixui-rich-text__text\"><span class=\"wixui-rich-text__text\">\u00a0<\/span><\/p>\n<h2 class=\"wixui-rich-text__text\"><span class=\"wixui-rich-text__text\">Zones de service<\/span><\/h2>\n<ul class=\"wixui-rich-text__text\">\n<li class=\"wixui-rich-text__text\"><span class=\"wixui-rich-text__text\">Rive-Sud de Montr\u00e9al (Brossard, Longueuil, Boucherville, Saint-Bruno, Saint-Lambert, Saint-Hubert)<\/span><\/li>\n<li class=\"wixui-rich-text__text\"><span class=\"wixui-rich-text__text\">Sainte-Julie<\/span><\/li>\n<li class=\"wixui-rich-text__text\"><span class=\"wixui-rich-text__text\">Montr\u00e9al<\/span><\/li>\n<li class=\"wixui-rich-text__text\"><span class=\"wixui-rich-text__text\">Ch\u00e2teauguay<\/span><\/li>\n<li class=\"wixui-rich-text__text\"><span class=\"wixui-rich-text__text\">Marieville<\/span><\/li>\n<li class=\"wixui-rich-text__text\"><span class=\"wixui-rich-text__text\">Granby<\/span><\/li>\n<li class=\"wixui-rich-text__text\"><span class=\"wixui-rich-text__text\">Saint-Jean-sur-Richelieu<\/span><\/li>\n<\/ul>\n<p>[\/et_pb_text][\/et_pb_column][\/et_pb_row][\/et_pb_section]<\/p>\n","protected":false},"excerpt":{"rendered":"<p>D\u00e9m\u00e9nagement Therrien Fortin \u00e0 Chambly, r\u00e9sidentiel et\u00a0commercial en toute s\u00e9curit\u00e9 De Longueuil \u00e0 Saint-Hyacinthe, en passant par Granby, nous sommes \u00e0 votre service en tout temps. Contactez-nous sans tarder pour obtenir une estimation gratuite et pour plus de d\u00e9tails sur nos services d&#8217;emballage et de d\u00e9ballage. Pour nous joindre T\u00e9l\u00e9phone 514-941-5636514-898-1523 Courriel info@demenagementtf.ca Heures d&rsquo;ouverture [&hellip;]<\/p>\n","protected":false},"author":1,"featured_media":0,"parent":0,"menu_order":0,"comment_status":"closed","ping_status":"closed","template":"","meta":{"_et_pb_use_builder":"on","_et_pb_old_content":"","_et_gb_content_width":"","footnotes":""},"class_list":["post-24","page","type-page","status-publish","hentry"],"_links":{"self":[{"href":"https:\/\/demenagementtf.ca\/wp-json\/wp\/v2\/pages\/24","targetHints":{"allow":["GET"]}}],"collection":[{"href":"https:\/\/demenagementtf.ca\/wp-json\/wp\/v2\/pages"}],"about":[{"href":"https:\/\/demenagementtf.ca\/wp-json\/wp\/v2\/types\/page"}],"author":[{"embeddable":true,"href":"https:\/\/demenagementtf.ca\/wp-json\/wp\/v2\/users\/1"}],"replies":[{"embeddable":true,"href":"https:\/\/demenagementtf.ca\/wp-json\/wp\/v2\/comments?post=24"}],"version-history":[{"count":6,"href":"https:\/\/demenagementtf.ca\/wp-json\/wp\/v2\/pages\/24\/revisions"}],"predecessor-version":[{"id":126,"href":"https:\/\/demenagementtf.ca\/wp-json\/wp\/v2\/pages\/24\/revisions\/126"}],"wp:attachment":[{"href":"https:\/\/demenagementtf.ca\/wp-json\/wp\/v2\/media?parent=24"}],"curies":[{"name":"wp","href":"https:\/\/api.w.org\/{rel}","templated":true}]}}